5*z - 187 = 68*x. Calculate the greatest common divisor of 46 and x.
2
Let h = 38 - -24. Let f be 6*124/36*9/(-18)*-9. Calculate the highest common divisor of h and f.
31
Let t = -2877 + 3574. What is the highest common divisor of 123 and t?
41
Let n be 2/14 - (-3056)/(-28). Let c = 144 + n. Suppose 10*u - 285 = c. What is the highest common divisor of u and 56?
8
Let x = 40468 + -14957. What is the greatest common divisor of 97 and x?
97
Suppose -2068*f = -2063*f - 200. Calculate the greatest common factor of f and 256.
8
Suppose 3*w + 2*m = 1894, -7*w = -5*w - m - 1258. Let r be w/21*(-6)/(-45). What is the highest common divisor of 124 and r?
4
Let h be 5*24/(-20)*-1. Suppose 490 = g + h*g. What is the highest common factor of 10 and g?
10
Let l(n) = 7 - 5*n - 2*n - 1 + 2*n. Let f be (2 - 3/4)*(51 + -55). Let x be l(f). What is the highest common factor of x and 62?
31
Suppose 473 = -4293*k + 4299*k - 457. What is the greatest common divisor of 185 and k?
5
Suppose -51*q + 2810 + 1113 - 659 = 0. Suppose -m + 1208 = 120. Calculate the highest common factor of m and q.
64
Let d(u) be the first derivative of 7*u**2/2 + 50*u + 43. Let s be d(-6). What is the greatest common divisor of 32 and s?
8
Suppose 5*d + z + 1 = -3, 5*d = -5*z. Let r(x) = -5*x + 1. Let y be r(d). Suppose 10*i = 5*i, 4*i = j - y. Calculate the greatest common divisor of j and 6.
6
Suppose 22*d = 16*d + 96. Let q = d + -14. Suppose -172 = 3*v - q*j - 1806, v - j = 545. Calculate the greatest common divisor of 68 and v.
68
Let h(z) = z**3 - 6*z**2 - z - 3. Let b be h(7). Let r = b + -27. Let a = -14690 + 14750. What is the greatest common factor of a and r?
12
Let x be ((-333)/(-9) - 8) + -11. Let f = 39 - 37. What is the greatest common factor of x and f?
2
Let w(a) be the first derivative of 3*a**4/4 - a**3/3 - 5*a**2/2 - 2*a - 1. Let u be w(5). Calculate the greatest common factor of u and 19.
19
Let h be (8/(-7))/(10/(-35)). Suppose -h*b = -296 - 256. Suppose -4*s - 5*d - 27 = -130, 0 = 4*s - 2*d - b. Calculate the greatest common divisor of 32 and s.
32
Let q be 28/8*236/14. Suppose -10*v - q = -299. What is the greatest common divisor of 6 and v?
6
Let q be 33/(-9) - (-1)/(-3). Let a be (-1 - 235/q)*4. Let j be ((-6)/4)/((-26)/364). What is the highest common factor of a and j?
21
Let z be (1*(-216)/14)/((-879)/57428). Calculate the greatest common divisor of z and 560.
112
Let s = 26 - 20. Let f = 17 - s. Suppose 0*l + l = f. Calculate the greatest common divisor of l and 22.
11
Let a be (-5)/(-5) + (-4 - (-297)/3). Suppose -5*w = 4*d - a, 5*d - 2*w + 51 = 171. What is the greatest common factor of 456 and d?
24
Suppose -244 = -w + 4*z, -28*z + 24 = -32*z. What is the greatest common divisor of 1364 and w?
44
Suppose 8743 = 35*v - 5957. Suppose 3*i + v = 4*r, 64 = r - 3*i - 50. Calculate the highest common factor of r and 34.
34
Suppose 539 = y + 7*k - 1953, -3*y - k + 7516 = 0. What is the greatest common divisor of 70 and y?
14
Let x be -91*(32/(-4))/8 - -4. What is the highest common factor of x and 140?
5
Let f(l) = -l - 1. Let y be f(-5). Suppose 5*d - 16 = y. Suppose 0 = 2*t - 0*p + p - 10, -3*t + d*p + 37 = 0. Calculate the greatest common factor of t and 14.
7
Suppose 0 = -3*j + 2*y + 2*y + 22, -3*j + 3*y = -21. Let m = j - -3. Suppose 2*q = x + 3 + 13, -4*x = 16. Calculate the greatest common divisor of q and m.
3
Let r = -43 + -181. Let m = r - -513. Calculate the highest common divisor of m and 17.
17
Let u be (3 - (-112)/3) + (-10)/(-15). Suppose u + 415 = 19*f. Suppose o - 6 - 6 = 0. What is the greatest common divisor of f and o?
12
Suppose -925 = -9*y - 7. Let l = -89 + y. What is the greatest common divisor of l and 91?
13
Suppose 201*a + 5330 = -35*a + 29402. What is the highest common divisor of 366 and a?
6
Let o(g) = g**3 + 12*g**2 - 18*g - 25. Let v be o(-13). Let t = 1879 + -1079. Calculate the greatest common divisor of v and t.
40
Suppose 10234 = -87*t + 101*t. Let r = -722 + t. What is the highest common factor of 549 and r?
9
Let n be -6*5/((-30)/32). Suppose w + 4*p = -6, -7*w = -2*w + 2*p - 6. Let u be 2/w - (9 + -47 + 7). What is the greatest common divisor of n and u?
32
Let t = -7448 + 7467. What is the greatest common factor of 2983 and t?
19
Suppose 2*b = -f + 285, -2*f = 2*f - b - 1140. Let i = -219 + f. What is the highest common factor of 18 and i?
6
Let v be (-412)/(-1442) + (-640)/(-14). What is the highest common divisor of v and 3864?
46
Suppose h + 6*h = 14. Let m(q) = 14 - q + 51*q**3 - 26*q**3 + 0*q - 7*q**h - 24*q**3. Let o be m(7). What is the greatest common factor of 182 and o?
7
Let a(v) = -2*v**2 - 75*v + 2. Let u be a(-37). Suppose 0 = -4*m + 2*i - 3*i + 883, -5*i = 3*m - 658. What is the highest common factor of m and u?
13
Let v = 35 + -26. Suppose -3 = -u, v = -2*o + u + 10. Let z be (o + 1)/(6/8). What is the greatest common factor of z and 28?
4
Let o be 21/14 + ((-46)/(-4) - -2). What is the highest common divisor of o and 160?
5
Let w be (-8)/6 + 100/3 + 1170/(-117). What is the greatest common divisor of w and 20702?
22
Suppose -24 = -6*n - 0. Suppose -2*d + 5*i = -20, 5*d + 0*i - n = i. Suppose -6*u + 3*u + 720 = d. What is the greatest common divisor of 30 and u?
30
Let g = 49 - 45. Let k be 3568/40 - g/(-5). What is the greatest common factor of k and 54?
18
Let j(w) = -w**3 - 7*w**2 + 18*w + 14. Let r(v) = v**3 + 4*v**2 - 9*v + 9. Let z be r(-6). Let l be j(z). Calculate the highest common divisor of l and 28.
14
Let j be (-22)/264 - (-13826)/24. What is the highest common factor of j and 128?
64
Suppose 11*a + 7758 = 22388. Suppose -a = -16*d - 3*d. What is the highest common divisor of 14 and d?
14
Suppose 72*x = -128*x + 6400. Calculate the greatest common divisor of x and 348.
4
Let z(f) = f**3 - 8*f**2 + 10*f + 14. Let j be z(6). Let q be (21/(-6) - -3)/(j/(-72)). What is the greatest common factor of 42 and q?
6
Let l = 151 - 103. Suppose 2*u + 36 = 4*u - 2*y, -3*y + l = 3*u. What is the greatest common divisor of u and 272?
17
Let t = 354 + -968. Let r be (-32 + 30)/(4/t). Let y = 528 - r. What is the greatest common divisor of y and 13?
13
Let x be (-15)/((-180)/(-608))*-9. Suppose -240 = -29*b + x. Calculate the highest common factor of 8 and b.
8
Let v = 9821 + -9811. Calculate the greatest common factor of 420 and v.
10
Let k be 75*11/165 + 429. Calculate the greatest common divisor of 140 and k.
14
Let f be ((-16)/20 - 11/5) + 63. Let l be -18*(1/(-2) - f/72). Calculate the highest common divisor of 24 and l.
24
Let s(f) = -f**3 + 31*f**2 - 172*f - 120. Let k be s(23). Calculate the greatest common factor of k and 48.
12
Suppose 0 = 56*l - 7*l - 7056. Calculate the greatest common divisor of 828 and l.
36
Suppose b + 3 = 1. Let y(m) = -6*m**3 + m**2 + 2*m - 6. Let t be y(b). What is the greatest common divisor of 98 and t?
14
Let s = -360 - -672. Suppose 5*q = -7*q + s. What is the greatest common divisor of q and 130?
26
Suppose 3*j + 4*r = 49 + 27, -3*j = -5*r - 121. Suppose 120 = 4*o + 3*w, 3*w = -o + j + 7. What is the highest common divisor of 513 and o?
27
Suppose 2*u + 2*u = 156. Let r(w) = -5*w**3 + 6*w**2 + 4*w - 4. Let i be r(-2). What is the greatest common factor of u and i?
13
Suppose 30*b - 3*a = 5247, 3*b + 89 = 2*a + 629. Calculate the highest common factor of b and 390.
6
Suppose 6*s - 15 = 21. Let z(c) = -11*c - 359. Let n be z(-34). Calculate the greatest common divisor of s and n.
3
Suppose 0 = -3*l - 3*a - 27 + 75, -l = 5*a - 12. Calculate the greatest common divisor of l and 850.
17
Suppose 0 = -b + 4*h + 3, -2*b - 2*b + h = -42. Suppose 0 = j + 8 - b. Let s be (-3 - 3)/j - -5. What is the greatest common divisor of 51 and s?
3
Suppose -68*w = -62*w + t - 2998, 2*t - 996 = -2*w. Calculate the greatest common divisor of w and 8.
4
Let p(s) be the third derivative of s**5/60 + 3*s**4/4 + 37*s**3/6 + 3*s**2 + 6*s. Let y be p(-17). Calculate the greatest common factor of 140 and y.
20
Let h = 4696 - 4327. What is the greatest common factor of h and 18?
9
Suppose -2*o - o + 4 = -z, -4*o = z - 17. Suppose 0 = 3*v - 0*v + 5*h - 418, -o*h = -5*v + 674. Calculate the greatest common divisor of v and 16.
8
Suppose -24366 = -2*h - 5*f, f = 200*h - 195*h - 60996. Calculate the gre